t r(o) = -2*o**3 + 7*o**2 + 6. Let h(i) = i**3 - 3*i**2 - 2. Let x(l) = -h(l) - r(l). Give x(p).
-13
Let p(s) = -3*s**3 + 47*s**2 + 10*s - 6. Let a = -30223 - -30239. Calculate p(a).
-102
Let g(k) be the third derivative of k**5/30 + k**4/24 - k**2 - 6. Let i(y) = -11*y**2 - 1. Let u(d) = -5*g(d) - i(d). What is u(4)?
-3
Let r be ((-16)/11)/(-8) + (960/44 - 4). Let g(q) = -q**2 + 15*q + 79. Give g(r).
25
Let t(g) = 3 - 3*g + 1 + 2*g. Let n be 5 - 32*(-7)/84*-6. Let a be (n - -1)*1/4*-2. Calculate t(a).
-1
Let a(z) be the first derivative of -22*z**2 - 136*z - 4508. What is a(-3)?
-4
Let r(i) be the third derivative of -i**4/24 - 16*i**3/3 + 10934*i**2. Determine r(18).
-50
Let d(t) = -2*t**3 + 13*t**2 - 7*t + 8. Let q be d(6). Let v(b) = -5*b**2 + 2*b**2 - b**q + 8 - 10 + 5*b**2. Give v(2).
2
Let b(w) = -w**2 - 11*w - 2. Let f(h) = -10*h + 86. Let z be f(8). Suppose -2*q - 12 = -2*s, -z*q - 3*s = -q + 54. Give b(q).
16
Let t be (-7*(-36)/196)/(3/7). Let o(z) be the first derivative of 2*z - 1/4*z**4 + 4/3*z**3 - 5/2*z**2 + 2. Calculate o(t).
-4
Let j be 3 - ((-6 - -4) + 3). Let h(u) = -31*u - 3. Calculate h(j).
-65
Let h(a) be the second derivative of a**5/20 - a**4/2 + 5*a**3/3 - 9*a**2/2 - 1900*a. What is h(6)?
51
Let s(n) = -43*n**2 + n + 1. Let f(v) = 259*v**2 - 4*v - 49. Let y(c) = -f(c) - 6*s(c). Calculate y(0).
43
Let d = 1263 - 1255. Let n(i) = i**2 - 12*i + 11. Give n(d).
-21
Let m = -49 - -36. Let z = m - -13. Let n be (3/(-12)*z)/(-2) + 4. Let g(t) = -t**3 + 2*t**2 + 4*t + 4. Calculate g(n).
-12
Suppose 6*d = 4 + 8. Let o(s) = 13*s - 39*s**d + 9*s**2 + 31*s**2 + 13. Calculate o(-13).
13
Let o(m) = -12*m - 22. Let f(b) = 5*b**3 - 45*b**2 - 5*b + 41. Let w be f(9). Give o(w).
26
Let z(p) = 4*p + 8. Let l be z(-2). Let v(c) = l*c - 3*c**2 + c - c - c. Calculate v(-1).
-2
Let i(g) = -38*g - 77. Let f(r) = -18*r - 37. Let s(l) = -21*f(l) + 10*i(l). Determine s(-4).
15
Let i(t) = -5*t - 54. Let q(b) = -3*b - 36. Let p(h) = -5*i(h) + 8*q(h). Suppose 4*f = -3*s, f - 2*f = 2*s. Suppose 5*u + 8*u = s. Determine p(u).
-18
Let t = 7934 - 7930. Let w(p) = p**2 - 5*p + 10. Calculate w(t).
6
Let n(s) = -s**3 - 13*s**2 + 3*s - 2. Let f(u) = 6*u**3 + 84*u**2 - 13*u + 35. Let x(g) = f(g) + 5*n(g). Determine x(-19).
-13
Let h be (12 - 20)*42/(-112). Let v(l) = -l**3 + 2*l**2 + 6*l. What is v(h)?
9
Suppose -106*p - 507 = -195 + 218. Let t(s) = 2*s**2 + 16*s + 25. Determine t(p).
-5
Suppose 2*y - 4*i - 80 = 0, -3 = 4*i + 5. Suppose 0 = -11*d - 14 + y. Let k be 0 + (d - 6) + 7. Let c(r) = 3*r - 4. Determine c(k).
5
Suppose 0 = 15*s - 12*s - 9. Suppose 4*a = -4*t - 12, 4*t - s = -a - 21. Let c(h) = -1. Let y(j) = 2*j + 1. Let m(o) = -c(o) - y(o). Give m(a).
-4
Let s(i) = -i**3 + 85*i**2 - 90*i**2 - 11*i + 243 - 248. Determine s(-5).
50
Let p(d) be the first derivative of d**2/2 + 6*d + 4627. What is p(-9)?
-3
Let x(q) be the second derivative of -q**5/20 + q**4/2 - q**3/6 + 5*q**2 + 14*q. Let r = -18 - -24. Calculate x(r).
4
Let x(m) be the third derivative of -m**4/4 - 5*m**3 + 335*m**2. What is x(-8)?
18
Let j = 17513 - 17513. Let p(i) be the second derivative of i**4/12 - i**3/6 - 15*i**2 - 3*i. Calculate p(j).
-30
Let f(b) be the second derivative of b**4/2 + b**3/6 + 9*b**2/2 - 8*b + 2. Let v(l) be the first derivative of f(l). Determine v(-1).
-11
Let u(s) = 59*s - 2. Suppose -4*j - 2*a = 0, 4*j + 7 - 15 = 2*a. Calculate u(j).
57
Let o(b) = 1 - 3*b - 57*b**3 + 47*b**2 - 4*b - 37*b**2 + 25*b**3 + 31*b**3. Determine o(7).
99
Let l(f) be the second derivative of -f**7/840 + f**6/45 - 3*f**5/40 + 3*f**4/8 + 8*f**3/3 + 3*f - 23. Let c(h) be the second derivative of l(h). Give c(6).
27
Let s(a) = 7. Let b(n) = -38*n + 12. Let j(x) = 17*x - 6. Let y(m) = 4*b(m) + 9*j(m). Let v(k) = -5*s(k) - 6*y(k). Give v(-4).
25
Let p(b) be the second derivative of 5*b**2 + 2/3*b**3 - 23*b + 4. What is p(-7)?
-18
Let n(m) = -m**2 + 7*m + 11. Let d be n(9). Let f(s) = -4*s - 28. Let y be f(d). Let j(q) = 1 + y*q - 2*q + 2*q - 6*q. Determine j(-1).
7
Let u(q) = q - 11. Suppose 4*k + 1164 = -f, 6*f - 4596 = 10*f + 4*k. Let s be (f/132)/((-2)/3). Determine u(s).
2
Let i(o) = 194*o**2 + 18. Let r(h) = 419*h**2 + 38. Let x(z) = -13*i(z) + 6*r(z). What is x(-3)?
-78
Let j(q) be the third derivative of -q**5/60 - q**4/4 + q**3/2 - 79*q**2. Calculate j(-6).
3
Let h(i) = -2*i**2 - 2*i - 1. Let t = -14 + 14. Suppose 22*x - 11*x + 11 = t. What is h(x)?
-1
Let i = 92 + -46. Let z = i + -29. Let p(n) = n**3 - 19*n**2 + 35*n - 13. Let j be p(z). Let t(f) = -2*f - 1. Determine t(j).
-9
Let p(m) = m**3 + 21*m**2 + 9. Let w(a) = 2*a**3 + 43*a**2 + 17. Let n(q) = -13*p(q) + 6*w(q). Determine n(-15).
-15
Let o(b) be the third derivative of -1/120*b**6 + 2/15*b**5 - 57*b + 0 - 7/24*b**4 - 1/2*b**3 + b**2. Give o(6).
27
Suppose 0 = 3*q + 4*b + 1150, -4*q = -4*b + 243 + 1337. Let o be (0 + -2)/(12/q). Suppose -77 + o = -4*p. Let r(w) = w**3 - 2*w**2 - 5*w + 2. Determine r(p).
-4
Let p(b) = -b - 3. Let w(t) = 2*t**3 + 3*t**2 - 2*t - 4. Suppose -3 = -3*q - 9. Let h be w(q). Let c(z) = -z**2 - 2*z. Let k be c(h). Give p(k).
5
Let i(g) be the second derivative of -5*g**3/6 + 15*g**2/2 + 5*g. Suppose k + 3*p = -5, -119*k - 2*p - 15 = -120*k. Calculate i(k).
-20
Let g(j) = -j**2 - 4*j - 4. Suppose 30*y + 732 = 34*y. Let p = 178 - y. What is g(p)?
-9
Let s(h) = 62*h - 61. Let n be s(-7). Let d = 500 + n. Let q(c) = -c**2 + 3*c + 14. Determine q(d).
4
Let n(h) = h**3 + h - 11. Let r = 148 - 118. Let a be 18/r - (-15)/(-25). Calculate n(a).
-11
Let f(z) = 61*z**3 - 6*z**2 + 25*z - 4. Let s(l) = -9*l**3 - 3*l - 1. Let t(q) = -f(q) - 7*s(q). What is t(-4)?
-5
Let z(h) = -577569*h**2 - 11 + 4 + 577571*h**2 - 6*h. Determine z(4).
1
Let p(j) be the second derivative of j**5/20 + j**4/12 + j**3/6 - 3*j**2/2 - 5360*j. Determine p(1).
0
Let q(f) be the second derivative of f**4/4 - f**3/6 - 11*f**2/2 + 664*f. What is q(4)?
33
Suppose g - 940 = -5*v - 136, 811 = g - 2*v. Let m = -810 + g. Let q(w) = -w**3 + w**2 - 1. What is q(m)?
1
Let k(g) = g**2 - 8*g - 2. Suppose -c + d = -65, -c + 187 = 2*c + 5*d. Suppose 0 = 20*i - 76 - c. Give k(i).
-9
Let k be 8 + -10 - (-1 + 21). Let v = k + 28. Let h(i) be the second derivative of -i**4/12 + i**3 - 3*i**2 - 21*i. Calculate h(v).
-6
Let q be 7/(-21) + 55/3. Let u = q - 20. Let b(m) be the third derivative of -m**6/120 - m**5/60 - m**4/12 - m**3/6 - 18*m**2. Determine b(u).
7
Let d(m) = -m**2 - 2*m - 27. Suppose 50*q + 105 = 65*q. What is d(q)?
-90
Let f(l) = -l**2 + 7*l + 4. Suppose 115*r + 39*r = 37*r + 1872. Calculate f(r).
-140
Let i(h) be the third derivative of -h**5/60 + 3*h**4/8 - 2*h**3 - 77576*h**2. Let b be (8/(-6))/((-4)/24). Determine i(b).
-4
Let n(p) = -13*p + 317. Let f(z) = 2*z - 48. Let d(y) = 6*f(y) + n(y). What is d(-15)?
44
Let u = 7 - 12. Let c(g) be the second derivative of g**5/20 + g**4/2 + g**3 - 3*g**2 + 3271*g. Give c(u).
-11
Let c(d) be the first derivative of 2*d + 38 - 2/3*d**3 + 1/4*d**4 - d**2. What is c(-2)?
-10
Let x = 66 - 72. Let f(a) = 2 - 9*a + 29*a - 14*a - 7*a. Calculate f(x).
8
Let t(w) = w**2 + 11*w - 13. Let r(h) = -h**3 + 9*h**2 - 13*h - 40. Let m be r(4). Calculate t(m).
-1
Let g(n) = -3*n + 5*n - 5*n - 4*n**2. Let f(h) be the second derivative of h**5/20 + h**4/3 - 5*h**3/3 + 5*h**2 + 13*h. Let z be f(-6). Calculate g(z).
-10
Suppose a = -2*l + 3, -3*a - 54 = -5*l - 19. Let c(z) = -11019 - 3*z - l*z + 11021. Determine c(4).
-26
Let w(f) be the second derivative of f**4/4 + f**3/6 - f**2 + 398*f. Calculate w(2).
12
Let l(p) = p**2 - 8*p - 17. Suppose -120*q + 123*q = -5*m + 35, 0 = m + q - 5. Determine l(m).
3
Let t(h) = -h**3 + 4*h**2 + 4 + 6*h - 6 + 0. Let d = 71 + 115. Let o = d + -181. Determine t(o).
3
Let n(u) = -3*u**2 - u**3 + 3*u - 3 - 1 + 2. Let i(l) = -114*l - 4335. Let j be i(-38). Determine n(j).
-11
Let n(a) = a**3 + 6*a**2 - 10*a - 17. Let r be (-48)/30 - 10/25 - -2 - 6. Determine n(r).
43
Let i be (-6)/(-2) + 1 - (-32)/(-16). Let f(q) = -5*q + i + 2*q + 7*q + 3 - 6*q. Determine f(-7).
19
Let n(s) = 6*s + 28. Let o(z) = 4*z + 38. Let x(f) = -4*n(f) + 3*o(f). Calculate x(0).
2
Suppose 105*m - 52*m = 33*m - 460. Let y(w) = -w**3 - 23*w**2 + 2. What is y(m)?
2
Let o(p) = -12*p - 10. Let j(z) = -z**3 - 26*z**